{"id":93,"date":"2021-05-02T14:22:02","date_gmt":"2021-05-02T14:22:02","guid":{"rendered":"https:\/\/the7.io\/winery\/?post_type=product&#038;p=93"},"modified":"2025-11-19T12:24:47","modified_gmt":"2025-11-19T12:24:47","slug":"arance-navel","status":"publish","type":"product","link":"https:\/\/dallamiaterra.it\/?product=arance-navel","title":{"rendered":"Arance Navel (10 Kg)"},"content":{"rendered":"\t\t<div data-elementor-type=\"product-post\" data-elementor-id=\"93\" class=\"elementor elementor-93\" data-elementor-post-type=\"product\">\n\t\t\t\t\t\t<section class=\"elementor-section elementor-top-section elementor-element elementor-element-c422de2 elementor-section-boxed elementor-section-height-default elementor-section-height-default\" data-id=\"c422de2\" data-element_type=\"section\" data-settings=\"{&quot;ekit_has_onepagescroll_dot&quot;:&quot;yes&quot;}\">\n\t\t\t\t\t\t<div class=\"elementor-container elementor-column-gap-wide\">\n\t\t\t\t\t<div class=\"elementor-column elementor-col-100 elementor-top-column elementor-element elementor-element-149478d\" data-id=\"149478d\" data-element_type=\"column\">\n\t\t\t<div class=\"elementor-widget-wrap elementor-element-populated\">\n\t\t\t\t\t\t<div class=\"elementor-element elementor-element-5f4fc31 elementor-widget elementor-widget-heading\" data-id=\"5f4fc31\" data-element_type=\"widget\" data-settings=\"{&quot;ekit_we_effect_on&quot;:&quot;none&quot;}\" data-widget_type=\"heading.default\">\n\t\t\t\t<div class=\"elementor-widget-container\">\n\t\t\t\t\t<h5 class=\"elementor-heading-title elementor-size-default\">Una dolcezza succulenta e polposa\u2026<\/h5>\t\t\t\t<\/div>\n\t\t\t\t<\/div>\n\t\t\t\t<div class=\"elementor-element elementor-element-c416e02 elementor-widget elementor-widget-text-editor\" data-id=\"c416e02\" data-element_type=\"widget\" data-settings=\"{&quot;ekit_we_effect_on&quot;:&quot;none&quot;}\" data-widget_type=\"text-editor.default\">\n\t\t\t\t<div class=\"elementor-widget-container\">\n\t\t\t\t\t\t\t\t\t<p>Le arance Navel sono una delle variet\u00e0 pi\u00f9 popolari di arance dolci, conosciute per la loro qualit\u00e0 e il loro sapore delizioso. Queste arance si caratterizzano per la buccia di un colore arancio brillante, con una superficie liscia e leggermente spessa, che \u00e8 relativamente facile da sbucciare. Presentano una <b>forma<\/b> sferica e regolare, con una caratteristica protuberanza alla base, che \u00e8 in realt\u00e0 un secondo frutto non sviluppato, da cui deriva il nome &#8220;Navel&#8221; (navel significa &#8220;ombelico&#8221; in inglese). Inoltre, le arance Navel sono generalmente prive di semi. La <b>polpa<\/b> \u00e8 di un bel colore arancio vivo, molto succosa e tenera. Le arance Navel sono note per la loro <b>dolcezza<\/b>, con un sapore ricco e bilanciato, senza un&#8217;eccessiva acidit\u00e0. Questo le rende perfette da mangiare fresche, in insalate o come ingrediente in varie ricette.<\/p>\t\t\t\t\t\t\t\t<\/div>\n\t\t\t\t<\/div>\n\t\t\t\t<div class=\"elementor-element elementor-element-4d7ac40 elementor-widget elementor-widget-spacer\" data-id=\"4d7ac40\" data-element_type=\"widget\" data-settings=\"{&quot;ekit_we_effect_on&quot;:&quot;none&quot;}\" data-widget_type=\"spacer.default\">\n\t\t\t\t<div class=\"elementor-widget-container\">\n\t\t\t\t\t\t\t<div class=\"elementor-spacer\">\n\t\t\t<div class=\"elementor-spacer-inner\"><\/div>\n\t\t<\/div>\n\t\t\t\t\t\t<\/div>\n\t\t\t\t<\/div>\n\t\t\t\t<div class=\"elementor-element elementor-element-fa9d52e elementor-widget elementor-widget-heading\" data-id=\"fa9d52e\" data-element_type=\"widget\" data-settings=\"{&quot;ekit_we_effect_on&quot;:&quot;none&quot;}\" data-widget_type=\"heading.default\">\n\t\t\t\t<div class=\"elementor-widget-container\">\n\t\t\t\t\t<h5 class=\"elementor-heading-title elementor-size-default\">L'Arancia Navel si presenta con:<\/h5>\t\t\t\t<\/div>\n\t\t\t\t<\/div>\n\t\t\t\t<div class=\"elementor-element elementor-element-b5399d6 elementor-widget elementor-widget-text-editor\" data-id=\"b5399d6\" data-element_type=\"widget\" data-settings=\"{&quot;ekit_we_effect_on&quot;:&quot;none&quot;}\" data-widget_type=\"text-editor.default\">\n\t\t\t\t<div class=\"elementor-widget-container\">\n\t\t\t\t\t\t\t\t\t<ul>\n<li>Colore della buccia arancio intenso<\/li>\n<li>Superficie finemente papillata<\/li>\n<li>Forma sferoidale, raramente ovoidale<\/li>\n<li>Peso medio del singolo frutto 200-220 g<\/li>\n<li><span style=\"color: var(--the7-base-color); letter-spacing: var(--the7-base-letter-spacing); text-transform: var(--the7-base-text-transform); word-spacing: normal;\">Acidit\u00e0 totale bassa<\/span><\/li>\n<li>Semi assenti<\/li>\n<\/ul>\t\t\t\t\t\t\t\t<\/div>\n\t\t\t\t<\/div>\n\t\t\t\t<div class=\"elementor-element elementor-element-1d7614a elementor-widget elementor-widget-spacer\" data-id=\"1d7614a\" data-element_type=\"widget\" data-settings=\"{&quot;ekit_we_effect_on&quot;:&quot;none&quot;}\" data-widget_type=\"spacer.default\">\n\t\t\t\t<div class=\"elementor-widget-container\">\n\t\t\t\t\t\t\t<div class=\"elementor-spacer\">\n\t\t\t<div class=\"elementor-spacer-inner\"><\/div>\n\t\t<\/div>\n\t\t\t\t\t\t<\/div>\n\t\t\t\t<\/div>\n\t\t\t\t<div class=\"elementor-element elementor-element-3f1f852 elementor-widget elementor-widget-heading\" data-id=\"3f1f852\" data-element_type=\"widget\" data-settings=\"{&quot;ekit_we_effect_on&quot;:&quot;none&quot;}\" data-widget_type=\"heading.default\">\n\t\t\t\t<div class=\"elementor-widget-container\">\n\t\t\t\t\t<h5 class=\"elementor-heading-title elementor-size-default\">Caratteristiche nutrizionali<\/h5>\t\t\t\t<\/div>\n\t\t\t\t<\/div>\n\t\t\t\t<div class=\"elementor-element elementor-element-93d5956 elementor-widget elementor-widget-text-editor\" data-id=\"93d5956\" data-element_type=\"widget\" data-settings=\"{&quot;ekit_we_effect_on&quot;:&quot;none&quot;}\" data-widget_type=\"text-editor.default\">\n\t\t\t\t<div class=\"elementor-widget-container\">\n\t\t\t\t\t\t\t\t\t<ul><li>Sodio(mg): 3<\/li><li>Potassio\u00a0(mg): 200\u00a0\u00a0\u00a0<\/li><li>Calcio\u00a0(mg): 49 \u00a0\u00a0\u00a0\u00a0\u00a0<\/li><li>Fosforo\u00a0(mg): 22<\/li><li>Ferro\u00a0(mg):\u00a00.2<\/li><li>Rame\u00a0(mg): 0.06<\/li><li>Tiamina\u00a0(mg): 0.06<\/li><li>Riboflavina\u00a0(mg): 0.05<\/li><li>Niacina\u00a0(mg): 0.20<\/li><li>Magnesio\u00a0(mg): 11<\/li><li>Vitamina C\u00a0(mg): 50<\/li><li>Vitamina A\u00a0retinolo equivalente<span class=\"Apple-converted-space\">\u00a0<\/span>(\u03bcg): 71<\/li><\/ul>\t\t\t\t\t\t\t\t<\/div>\n\t\t\t\t<\/div>\n\t\t\t\t\t<\/div>\n\t\t<\/div>\n\t\t\t\t\t<\/div>\n\t\t<\/section>\n\t\t\t\t<\/div>\n\t\t","protected":false},"excerpt":{"rendered":"<p>Le arance Navel sono una delle variet\u00e0 pi\u00f9 popolari di arance dolci, conosciute per la loro qualit\u00e0 e il loro sapore delizioso. Queste arance si caratterizzano per la buccia di un colore arancio brillante, con una superficie liscia e leggermente spessa, che \u00e8 relativamente facile da sbucciare. Presentano una <strong>forma<\/strong> sferica e regolare, con una caratteristica protuberanza alla base, che \u00e8 in realt\u00e0 un secondo frutto non sviluppato, da cui deriva il nome &#8220;Navel&#8221; (navel significa &#8220;ombelico&#8221; in inglese). Inoltre, le arance Navel sono generalmente prive di semi. La <strong>polpa<\/strong> \u00e8 di un bel colore arancio vivo, molto succosa e tenera. Le arance Navel sono note per la loro <strong>dolcezza<\/strong>, con un sapore ricco e bilanciato, senza un&#8217;eccessiva acidit\u00e0. Questo le rende perfette da mangiare fresche, in insalate o come ingrediente in varie ricette.<\/p>\n","protected":false},"featured_media":3384,"template":"","meta":[],"product_brand":[],"product_cat":[26],"product_tag":[],"class_list":{"0":"post-93","1":"product","2":"type-product","3":"status-publish","4":"has-post-thumbnail","6":"product_cat-agrumi","7":"product_shipping_class-scatola-10-kg","9":"first","10":"instock","11":"shipping-taxable","12":"purchasable","13":"product-type-simple"},"yoast_head":"<!-- This site is optimized with the Yoast SEO Premium plugin v23.7 (Yoast SEO v26.7) - https:\/\/yoast.com\/wordpress\/plugins\/seo\/ -->\n<title>Arance Navel (10 Kg) - Dalla mia terra<\/title>\n<meta name=\"robots\" content=\"index, follow, max-snippet:-1, max-image-preview:large, max-video-preview:-1\" \/>\n<link rel=\"canonical\" href=\"https:\/\/dallamiaterra.it\/?product=arance-navel\" \/>\n<meta property=\"og:locale\" content=\"it_IT\" \/>\n<meta property=\"og:type\" content=\"article\" \/>\n<meta property=\"og:title\" content=\"Arance Navel (10 Kg)\" \/>\n<meta property=\"og:description\" content=\"Le arance Navel sono una delle variet\u00e0 pi\u00f9 popolari di arance dolci, conosciute per la loro qualit\u00e0 e il loro sapore delizioso. Queste arance si caratterizzano per la buccia di un colore arancio brillante, con una superficie liscia e leggermente spessa, che \u00e8 relativamente facile da sbucciare. Presentano una forma sferica e regolare, con una caratteristica protuberanza alla base, che \u00e8 in realt\u00e0 un secondo frutto non sviluppato, da cui deriva il nome &quot;Navel&quot; (navel significa &quot;ombelico&quot; in inglese). Inoltre, le arance Navel sono generalmente prive di semi. La polpa \u00e8 di un bel colore arancio vivo, molto succosa e tenera. Le arance Navel sono note per la loro dolcezza, con un sapore ricco e bilanciato, senza un&#039;eccessiva acidit\u00e0. Questo le rende perfette da mangiare fresche, in insalate o come ingrediente in varie ricette.\" \/>\n<meta property=\"og:url\" content=\"https:\/\/dallamiaterra.it\/?product=arance-navel\" \/>\n<meta property=\"og:site_name\" content=\"Dalla mia terra\" \/>\n<meta property=\"article:modified_time\" content=\"2025-11-19T12:24:47+00:00\" \/>\n<meta property=\"og:image\" content=\"https:\/\/dallamiaterra.it\/wp-content\/uploads\/2021\/05\/Arance-Navel-1500x1500-OK-OK.webp\" \/>\n\t<meta property=\"og:image:width\" content=\"1500\" \/>\n\t<meta property=\"og:image:height\" content=\"1500\" \/>\n\t<meta property=\"og:image:type\" content=\"image\/webp\" \/>\n<meta name=\"twitter:card\" content=\"summary_large_image\" \/>\n<meta name=\"twitter:label1\" content=\"Prezzo\" \/>\n\t<meta name=\"twitter:data1\" content=\"24,00&nbsp;&euro;\" \/>\n\t<meta name=\"twitter:label2\" content=\"Disponibilit\u00e0\" \/>\n\t<meta name=\"twitter:data2\" content=\"In stock\" \/>\n<script type=\"application\/ld+json\" class=\"yoast-schema-graph\">{\"@context\":\"https:\/\/schema.org\",\"@graph\":[{\"@type\":\"WebPage\",\"@id\":\"https:\/\/dallamiaterra.it\/?product=arance-navel\",\"url\":\"https:\/\/dallamiaterra.it\/?product=arance-navel\",\"name\":\"Arance Navel (10 Kg) - Dalla mia terra\",\"isPartOf\":{\"@id\":\"https:\/\/dallamiaterra.it\/#website\"},\"primaryImageOfPage\":{\"@id\":\"https:\/\/dallamiaterra.it\/?product=arance-navel#primaryimage\"},\"image\":{\"@id\":\"https:\/\/dallamiaterra.it\/?product=arance-navel#primaryimage\"},\"thumbnailUrl\":\"https:\/\/dallamiaterra.it\/wp-content\/uploads\/2021\/05\/Arance-Navel-1500x1500-OK-OK.webp\",\"datePublished\":\"2021-05-02T14:22:02+00:00\",\"dateModified\":\"2025-11-19T12:24:47+00:00\",\"breadcrumb\":{\"@id\":\"https:\/\/dallamiaterra.it\/?product=arance-navel#breadcrumb\"},\"inLanguage\":\"it-IT\",\"potentialAction\":[{\"@type\":\"ReadAction\",\"target\":[\"https:\/\/dallamiaterra.it\/?product=arance-navel\"]}]},{\"@type\":\"ImageObject\",\"inLanguage\":\"it-IT\",\"@id\":\"https:\/\/dallamiaterra.it\/?product=arance-navel#primaryimage\",\"url\":\"https:\/\/dallamiaterra.it\/wp-content\/uploads\/2021\/05\/Arance-Navel-1500x1500-OK-OK.webp\",\"contentUrl\":\"https:\/\/dallamiaterra.it\/wp-content\/uploads\/2021\/05\/Arance-Navel-1500x1500-OK-OK.webp\",\"width\":1500,\"height\":1500,\"caption\":\"Slice of orange with green leaf isolated on white background\"},{\"@type\":\"BreadcrumbList\",\"@id\":\"https:\/\/dallamiaterra.it\/?product=arance-navel#breadcrumb\",\"itemListElement\":[{\"@type\":\"ListItem\",\"position\":1,\"name\":\"Home\",\"item\":\"https:\/\/dallamiaterra.it\/\"},{\"@type\":\"ListItem\",\"position\":2,\"name\":\"Shop\",\"item\":\"https:\/\/dallamiaterra.it\/?page_id=874\"},{\"@type\":\"ListItem\",\"position\":3,\"name\":\"Arance Navel (10 Kg)\"}]},{\"@type\":\"WebSite\",\"@id\":\"https:\/\/dallamiaterra.it\/#website\",\"url\":\"https:\/\/dallamiaterra.it\/\",\"name\":\"Dalla mia terra\",\"description\":\"\",\"publisher\":{\"@id\":\"https:\/\/dallamiaterra.it\/#organization\"},\"potentialAction\":[{\"@type\":\"SearchAction\",\"target\":{\"@type\":\"EntryPoint\",\"urlTemplate\":\"https:\/\/dallamiaterra.it\/?s={search_term_string}\"},\"query-input\":{\"@type\":\"PropertyValueSpecification\",\"valueRequired\":true,\"valueName\":\"search_term_string\"}}],\"inLanguage\":\"it-IT\"},{\"@type\":\"Organization\",\"@id\":\"https:\/\/dallamiaterra.it\/#organization\",\"name\":\"Dalla mia terra\",\"url\":\"https:\/\/dallamiaterra.it\/\",\"logo\":{\"@type\":\"ImageObject\",\"inLanguage\":\"it-IT\",\"@id\":\"https:\/\/dallamiaterra.it\/#\/schema\/logo\/image\/\",\"url\":\"https:\/\/dallamiaterra.it\/wp-content\/uploads\/2024\/10\/Dalla-mia-terra-logo-color-orizz.webp\",\"contentUrl\":\"https:\/\/dallamiaterra.it\/wp-content\/uploads\/2024\/10\/Dalla-mia-terra-logo-color-orizz.webp\",\"width\":1920,\"height\":1002,\"caption\":\"Dalla mia terra\"},\"image\":{\"@id\":\"https:\/\/dallamiaterra.it\/#\/schema\/logo\/image\/\"}}]}<\/script>\n<meta property=\"product:price:amount\" content=\"24.00\" \/>\n<meta property=\"product:price:currency\" content=\"EUR\" \/>\n<meta property=\"og:availability\" content=\"instock\" \/>\n<meta property=\"product:availability\" content=\"instock\" \/>\n<meta property=\"product:retailer_item_id\" content=\"NAV01-K10\" \/>\n<meta property=\"product:condition\" content=\"new\" \/>\n<!-- \/ Yoast SEO Premium plugin. -->","yoast_head_json":{"title":"Arance Navel (10 Kg) - Dalla mia terra","robots":{"index":"index","follow":"follow","max-snippet":"max-snippet:-1","max-image-preview":"max-image-preview:large","max-video-preview":"max-video-preview:-1"},"canonical":"https:\/\/dallamiaterra.it\/?product=arance-navel","og_locale":"it_IT","og_type":"article","og_title":"Arance Navel (10 Kg)","og_description":"Le arance Navel sono una delle variet\u00e0 pi\u00f9 popolari di arance dolci, conosciute per la loro qualit\u00e0 e il loro sapore delizioso. Queste arance si caratterizzano per la buccia di un colore arancio brillante, con una superficie liscia e leggermente spessa, che \u00e8 relativamente facile da sbucciare. Presentano una forma sferica e regolare, con una caratteristica protuberanza alla base, che \u00e8 in realt\u00e0 un secondo frutto non sviluppato, da cui deriva il nome \"Navel\" (navel significa \"ombelico\" in inglese). Inoltre, le arance Navel sono generalmente prive di semi. La polpa \u00e8 di un bel colore arancio vivo, molto succosa e tenera. Le arance Navel sono note per la loro dolcezza, con un sapore ricco e bilanciato, senza un'eccessiva acidit\u00e0. Questo le rende perfette da mangiare fresche, in insalate o come ingrediente in varie ricette.","og_url":"https:\/\/dallamiaterra.it\/?product=arance-navel","og_site_name":"Dalla mia terra","article_modified_time":"2025-11-19T12:24:47+00:00","og_image":[{"width":1500,"height":1500,"url":"https:\/\/dallamiaterra.it\/wp-content\/uploads\/2021\/05\/Arance-Navel-1500x1500-OK-OK.webp","type":"image\/webp"}],"twitter_card":"summary_large_image","twitter_misc":{"Prezzo":"24,00&nbsp;&euro;","Disponibilit\u00e0":"In stock"},"schema":{"@context":"https:\/\/schema.org","@graph":[{"@type":"WebPage","@id":"https:\/\/dallamiaterra.it\/?product=arance-navel","url":"https:\/\/dallamiaterra.it\/?product=arance-navel","name":"Arance Navel (10 Kg) - Dalla mia terra","isPartOf":{"@id":"https:\/\/dallamiaterra.it\/#website"},"primaryImageOfPage":{"@id":"https:\/\/dallamiaterra.it\/?product=arance-navel#primaryimage"},"image":{"@id":"https:\/\/dallamiaterra.it\/?product=arance-navel#primaryimage"},"thumbnailUrl":"https:\/\/dallamiaterra.it\/wp-content\/uploads\/2021\/05\/Arance-Navel-1500x1500-OK-OK.webp","datePublished":"2021-05-02T14:22:02+00:00","dateModified":"2025-11-19T12:24:47+00:00","breadcrumb":{"@id":"https:\/\/dallamiaterra.it\/?product=arance-navel#breadcrumb"},"inLanguage":"it-IT","potentialAction":[{"@type":"ReadAction","target":["https:\/\/dallamiaterra.it\/?product=arance-navel"]}]},{"@type":"ImageObject","inLanguage":"it-IT","@id":"https:\/\/dallamiaterra.it\/?product=arance-navel#primaryimage","url":"https:\/\/dallamiaterra.it\/wp-content\/uploads\/2021\/05\/Arance-Navel-1500x1500-OK-OK.webp","contentUrl":"https:\/\/dallamiaterra.it\/wp-content\/uploads\/2021\/05\/Arance-Navel-1500x1500-OK-OK.webp","width":1500,"height":1500,"caption":"Slice of orange with green leaf isolated on white background"},{"@type":"BreadcrumbList","@id":"https:\/\/dallamiaterra.it\/?product=arance-navel#breadcrumb","itemListElement":[{"@type":"ListItem","position":1,"name":"Home","item":"https:\/\/dallamiaterra.it\/"},{"@type":"ListItem","position":2,"name":"Shop","item":"https:\/\/dallamiaterra.it\/?page_id=874"},{"@type":"ListItem","position":3,"name":"Arance Navel (10 Kg)"}]},{"@type":"WebSite","@id":"https:\/\/dallamiaterra.it\/#website","url":"https:\/\/dallamiaterra.it\/","name":"Dalla mia terra","description":"","publisher":{"@id":"https:\/\/dallamiaterra.it\/#organization"},"potentialAction":[{"@type":"SearchAction","target":{"@type":"EntryPoint","urlTemplate":"https:\/\/dallamiaterra.it\/?s={search_term_string}"},"query-input":{"@type":"PropertyValueSpecification","valueRequired":true,"valueName":"search_term_string"}}],"inLanguage":"it-IT"},{"@type":"Organization","@id":"https:\/\/dallamiaterra.it\/#organization","name":"Dalla mia terra","url":"https:\/\/dallamiaterra.it\/","logo":{"@type":"ImageObject","inLanguage":"it-IT","@id":"https:\/\/dallamiaterra.it\/#\/schema\/logo\/image\/","url":"https:\/\/dallamiaterra.it\/wp-content\/uploads\/2024\/10\/Dalla-mia-terra-logo-color-orizz.webp","contentUrl":"https:\/\/dallamiaterra.it\/wp-content\/uploads\/2024\/10\/Dalla-mia-terra-logo-color-orizz.webp","width":1920,"height":1002,"caption":"Dalla mia terra"},"image":{"@id":"https:\/\/dallamiaterra.it\/#\/schema\/logo\/image\/"}}]},"product_price_amount":"24.00","product_price_currency":"EUR","og_availability":"instock","product_availability":"instock","product_retailer_item_id":"NAV01-K10","product_condition":"new"},"_links":{"self":[{"href":"https:\/\/dallamiaterra.it\/index.php?rest_route=\/wp\/v2\/product\/93","targetHints":{"allow":["GET"]}}],"collection":[{"href":"https:\/\/dallamiaterra.it\/index.php?rest_route=\/wp\/v2\/product"}],"about":[{"href":"https:\/\/dallamiaterra.it\/index.php?rest_route=\/wp\/v2\/types\/product"}],"version-history":[{"count":14,"href":"https:\/\/dallamiaterra.it\/index.php?rest_route=\/wp\/v2\/product\/93\/revisions"}],"predecessor-version":[{"id":4577,"href":"https:\/\/dallamiaterra.it\/index.php?rest_route=\/wp\/v2\/product\/93\/revisions\/4577"}],"wp:featuredmedia":[{"embeddable":true,"href":"https:\/\/dallamiaterra.it\/index.php?rest_route=\/wp\/v2\/media\/3384"}],"wp:attachment":[{"href":"https:\/\/dallamiaterra.it\/index.php?rest_route=%2Fwp%2Fv2%2Fmedia&parent=93"}],"wp:term":[{"taxonomy":"product_brand","embeddable":true,"href":"https:\/\/dallamiaterra.it\/index.php?rest_route=%2Fwp%2Fv2%2Fproduct_brand&post=93"},{"taxonomy":"product_cat","embeddable":true,"href":"https:\/\/dallamiaterra.it\/index.php?rest_route=%2Fwp%2Fv2%2Fproduct_cat&post=93"},{"taxonomy":"product_tag","embeddable":true,"href":"https:\/\/dallamiaterra.it\/index.php?rest_route=%2Fwp%2Fv2%2Fproduct_tag&post=93"}],"curies":[{"name":"wp","href":"https:\/\/api.w.org\/{rel}","templated":true}]}}